What is the units digit of 1734470984?
4
What is the ten millions digit of 2296682915?
9
What is the tens digit of 44669878?
7
What is the hundreds digit of 63833325?
3
What is the hundred millions digit of 838989024?
8
What is the millions digit of 965107815?
5
What is the hundred thousands digit of 21775034?
7
What is the thousands digit of 731438870?
8
What is the ten thousands digit of 234471867?
7
What is the thousands digit of 16638825?
8
What is the billions digit of 2685494141?
2
What is the thousands digit of 1435566861?
6
What is the ten thousands digit of 676999394?
9
What is the millions digit of 271496521?
1
What is the ten millions digit of 215139585?
1
What is the ten millions digit of 187282833?
8
What is the ten thousands digit of 1549922487?
2
What is the hundred thousands digit of 2315664482?
6
What is the thousands digit of 199113501?
3
What is the hundred millions digit of 108497898?
1
What is the ten millions digit of 184944863?
8
What is the hundred thousands digit of 6081617977?
6
What is the units digit of 2140314503?
3
What is the ten millions digit of 1406889465?
0
What is the units digit of 975742473?
3
What is the units digit of 739131262?
2
What is the thousands digit of 95867020?
7
What is the hundreds digit of 354595026?
0
What is the ten thousands digit of 57284347?
8
What is the hundreds digit of 31798156?
1
What is the ten thousands digit of 161137568?
3
What is the ten millions digit of 379768953?
7
What is the tens digit of 52920757?
5
What is the hundred thousands digit of 498163346?
1
What is the hundred thousands digit of 5807297?
8
What is the ten thousands digit of 2449623350?
2
What is the hundreds digit of 37307288?
2
What is the tens digit of 2938784778?
7
What is the millions digit of 81677799?
1
What is the ten millions digit of 224875259?
2
What is the millions digit of 486592419?
6
What is the units digit of 18524944?
4
What is the units digit of 895100610?
0
What is the ten millions digit of 1699137318?
9
What is the hundred thousands digit of 24897990?
8
What is the hundred thousands digit of 189826372?
8
What is the hundred thousands digit of 488141402?
1
What is the ten thousands digit of 129248772?
4
What is the hundred thousands digit of 41025110?
0
What is the hundreds digit of 2694497132?
1
What is the ten millions digit of 969862310?
6
What is the millions digit of 6994864786?
4
What is the units digit of 449340638?
8
What is the hundreds digit of 129700238?
2
What is the millions digit of 91603713?
1
What is the tens digit of 71988505?
0
What is the hundred millions digit of 113887406?
1
What is the hundreds digit of 2494569204?
2
What is the units digit of 41602303?
3
What is the hundred thousands digit of 393206146?
2
What is the ten thousands digit of 478722909?
2
What is the ten thousands digit of 1670504476?
0
What is the millions digit of 30077790?
0
What is the thousands digit of 60312047?
2
What is the hundred millions digit of 1122255046?
1
What is the hundred thousands digit of 1622522126?
5
What is the thousands digit of 72711287?
1
What is the hundred thousands digit of 3882648452?
6
What is the hundreds digit of 232206111?
1
What is the hundred thousands digit of 380284502?
2
What is the hundreds digit of 158932992?
9
What is the ten millions digit of 91338770?
9
What is the hundred millions digit of 1362575276?
3
What is the hundred millions digit of 222698318?
2
What is the ten millions digit of 14588829?
1
What is the ten millions digit of 210084096?
1
What is the tens digit of 35221857?
5
What is the units digit of 385120250?
0
What is the tens digit of 234316256?
5
What is the hundred thousands digit of 17230706?
2
What is the hundreds digit of 73715830?
8
What is the hundred thousands digit of 721651248?
6
What is the thousands digit of 1793380?
3
What is the hundreds digit of 1758547843?
8
What is the hundreds digit of 60003081?
0
What is the hundred thousands digit of 99666050?
6
What is the thousands digit of 130887678?
7
What is the ten thousands digit of 1465206964?
0
What is the billions digit of 3190201113?
3
What is the thousands digit of 4119790841?
0
What is the millions digit of 777100303?
7
What is the tens digit of 1136030314?
1
What is the ten thousands digit of 843319722?
1
What is the millions digit of 322909492?
2
What is the millions digit of 900095887?
0
What is the tens digit of 10468370?
7
What is the units digit of 15528024?
4
What is the ten millions digit of 84588969?
8
What is the ten thousands digit of 9360286?
6
What is the ten millions digit of 514935210?
1
What is the units digit of 248337263?
3
What is the millions digit of 34786523?
4
What is the units digit of 5267569?
9
What is the thousands digit of 530619042?
9
What is the units digit of 1634691382?
2
What is the billions digit of 1473522826?
1
What is the hundred thousands digit of 402307932?
3
What is the units digit of 181496650?
0
What is the hundred thousands digit of 821990359?
9
What is the thousands digit of 95869395?
9
What is the millions digit of 198483495?
8
What is the thousands digit of 27757075?
7
What is the millions digit of 84929093?
4
What is the hundreds digit of 1112904?
9
What is the units digit of 359077292?
2
What is the ten thousands digit of 778602055?
0
What is the hundred thousands digit of 34572073?
5
What is the hundred millions digit of 105399912?
1
What is the tens digit of 951884015?
1
What is the hundred thousands digit of 28662378?
6
What is the ten thousands digit of 1306599591?
9
What is the millions digit of 38880496?
8
What is the billions digit of 2262324480?
2
What is the thousands digit of 4855661?
5
What is the millions digit of 4157174682?
7
What is the tens digit of 1081010235?
3
What is the tens digit of 306101294?
9
What is the millions digit of 32081575?
2
What is the hundred millions digit of 546007865?
5
What is the ten millions digit of 193726334?
9
What is the tens digit of 132620924?
2
What is the hundred thousands digit of 1060432075?
4
What is the hundred millions digit of 1049589191?
0
What is the hundred thousands digit of 1848935534?
9
What is the ten thousands digit of 77527212?
2
What is the ten millions digit of 274893576?
7
What is the units digit of 111297904?
4
What is the tens digit of 2097545480?
8
What is the billions digit of 6145493035?
6
What is the tens digit of 269585508?
0
What is the millions digit of 50471819?
0
What is the billions digit of 2449565454?
2
What is the millions digit of 71027745?
1
What is the ten millions digit of 629911873?
2
What is the thousands digit of 374213000?
3
What is the ten millions digit of 20016320?
2
What is the thousands digit of 27394808?
4
What is the ten millions digit of 1076577672?
7
What is the thousands digit of 102571552?
1
What is the hundred millions digit of 850301377?
8
What is the thousands digit of 1018607538?
7
What is the billions digit of 2626422804?
2
What is the tens digit of 47106512?
1
What is the ten millions digit of 485066370?
8
What is the units digit of 33972418?
8
What is the hundred thousands digit of 4499325?
4
What is the millions digit of 113954990?
3
What is the hundred thousands digit of 35762367?
7
What is the hundred thousands digit of 39297881?
2
What is the units digit of 1883829138?
8
What is the ten thousands digit of 264365521?
6
What is the ten millions digit of 38557502?
3
What is the ten thousands digit of 299393865?
9
What is the hundred millions digit of 172631810?
1
What is the tens digit of 79240749?
4
What is the units digit of 48530894?
4
What is the millions digit of 353274559?
3
What is the millions digit of 3649616950?
9
What is the ten thousands digit of 103432619?
3
What is the units digit of 942425542?
2
What is the tens digit of 119410278?
7
What is the tens digit of 17893808?
0
What is the tens digit of 108185044?
4
What is the hundred millions digit of 2499716975?
4
What is the units digit of 83718905?
5
What is the ten thousands digit of 41514793?
1
What is the thousands digit of 32678957?
8
What is the units digit of 633544924?
4
What is the tens digit of 23061290?
9
What is the units digit of 240135814?
4
What is the units digit of 49336225?
5
What is the hundred thousands digit of 250407075?
4
What is the tens d